{"version":"1.0","provider_name":"Site officiel de la f\u00e9d\u00e9ration Grands Formats","provider_url":"https:\/\/www.grandsformats.com\/en\/","author_name":"Grands Formats","author_url":"https:\/\/www.grandsformats.com\/en\/author\/margaux\/","title":"Laura Tejeda Martin rejoint l'ARFI - Site officiel de la f\u00e9d\u00e9ration Grands Formats","type":"rich","width":600,"height":338,"html":"<blockquote class=\"wp-embedded-content\" data-secret=\"MfBW5s8JOV\"><a href=\"https:\/\/www.grandsformats.com\/en\/2021\/02\/laura-tejeda-martin-rejoint-larfi\/\">Laura Tejeda Martin rejoint l&#8217;ARFI<\/a><\/blockquote><iframe sandbox=\"allow-scripts\" security=\"restricted\" src=\"https:\/\/www.grandsformats.com\/en\/2021\/02\/laura-tejeda-martin-rejoint-larfi\/embed\/#?secret=MfBW5s8JOV\" width=\"600\" height=\"338\" title=\"&#8220;Laura Tejeda Martin rejoint l&#8217;ARFI&#8221; &#8212; Site officiel de la f\u00e9d\u00e9ration Grands Formats\" data-secret=\"MfBW5s8JOV\" frameborder=\"0\" marginwidth=\"0\" marginheight=\"0\" scrolling=\"no\" class=\"wp-embedded-content\"><\/iframe><script type=\"text\/javascript\">\n\/* <![CDATA[ *\/\n\/*! This file is auto-generated *\/\n!function(d,l){\"use strict\";l.querySelector&&d.addEventListener&&\"undefined\"!=typeof URL&&(d.wp=d.wp||{},d.wp.receiveEmbedMessage||(d.wp.receiveEmbedMessage=function(e){var t=e.data;if((t||t.secret||t.message||t.value)&&!\/[^a-zA-Z0-9]\/.test(t.secret)){for(var s,r,n,a=l.querySelectorAll('iframe[data-secret=\"'+t.secret+'\"]'),o=l.querySelectorAll('blockquote[data-secret=\"'+t.secret+'\"]'),c=new RegExp(\"^https?:$\",\"i\"),i=0;i<o.length;i++)o[i].style.display=\"none\";for(i=0;i<a.length;i++)s=a[i],e.source===s.contentWindow&&(s.removeAttribute(\"style\"),\"height\"===t.message?(1e3<(r=parseInt(t.value,10))?r=1e3:~~r<200&&(r=200),s.height=r):\"link\"===t.message&&(r=new URL(s.getAttribute(\"src\")),n=new URL(t.value),c.test(n.protocol))&&n.host===r.host&&l.activeElement===s&&(d.top.location.href=t.value))}},d.addEventListener(\"message\",d.wp.receiveEmbedMessage,!1),l.addEventListener(\"DOMContentLoaded\",function(){for(var e,t,s=l.querySelectorAll(\"iframe.wp-embedded-content\"),r=0;r<s.length;r++)(t=(e=s[r]).getAttribute(\"data-secret\"))||(t=Math.random().toString(36).substring(2,12),e.src+=\"#?secret=\"+t,e.setAttribute(\"data-secret\",t)),e.contentWindow.postMessage({message:\"ready\",secret:t},\"*\")},!1)))}(window,document);\n\/* ]]> *\/\n<\/script>\n","thumbnail_url":"https:\/\/www.grandsformats.com\/wp-content\/uploads\/2021\/02\/LauraTejeda-site.jpg","thumbnail_width":1920,"thumbnail_height":1081,"description":"Plasticienne et musicienne de formation, Laura Tejeda est un cas de fouine permanente dans les possibles de la voix. Une curiosit\u00e9 qui l\u2019am\u00e8ne \u00e0 s\u2019enfoncer dans les recoins les plus profonds du corps pour glaner de sons vocaux inattendus ; des sonorit\u00e9s populaires \u00e9clabouss\u00e9es de bruitisme qui conversent avec la r\u00e9sonance contemporaine dans un contexte...Continue reading"}

Site officiel de la fédération Grands Formats

Laura Tejeda Martin rejoint l'ARFI - Site officiel de la fédération Grands Formats

<blockquote class="wp-embedded-content" data-secret="MfBW5s8JOV"><a href="https://www.grandsformats.com/en/2021/02/laura-tejeda-martin-rejoint-larfi/">Laura Tejeda Martin rejoint l&#8217;ARFI</a></blockquote><iframe sandbox="allow-scripts" security="restricted" src="https://www.grandsformats.com/en/2021/02/laura-tejeda-martin-rejoint-larfi/embed/#?secret=MfBW5s8JOV" width="600" height="338" title="&#8220;Laura Tejeda Martin rejoint l&#8217;ARFI&#8221; &#8212; Site officiel de la fédération Grands Formats" data-secret="MfBW5s8JOV" frameborder="0" marginwidth="0" marginheight="0" scrolling="no" class="wp-embedded-content"></iframe><script type="text/javascript">
/* <![CDATA[ */
/*! This file is auto-generated */
!function(d,l){"use strict";l.querySelector&&d.addEventListener&&"undefined"!=typeof URL&&(d.wp=d.wp||{},d.wp.receiveEmbedMessage||(d.wp.receiveEmbedMessage=function(e){var t=e.data;if((t||t.secret||t.message||t.value)&&!/[^a-zA-Z0-9]/.test(t.secret)){for(var s,r,n,a=l.querySelectorAll('iframe[data-secret="'+t.secret+'"]'),o=l.querySelectorAll('blockquote[data-secret="'+t.secret+'"]'),c=new RegExp("^https?:$","i"),i=0;i<o.length;i++)o[i].style.display="none";for(i=0;i<a.length;i++)s=a[i],e.source===s.contentWindow&&(s.removeAttribute("style"),"height"===t.message?(1e3<(r=parseInt(t.value,10))?r=1e3:~~r<200&&(r=200),s.height=r):"link"===t.message&&(r=new URL(s.getAttribute("src")),n=new URL(t.value),c.test(n.protocol))&&n.host===r.host&&l.activeElement===s&&(d.top.location.href=t.value))}},d.addEventListener("message",d.wp.receiveEmbedMessage,!1),l.addEventListener("DOMContentLoaded",function(){for(var e,t,s=l.querySelectorAll("iframe.wp-embedded-content"),r=0;r<s.length;r++)(t=(e=s[r]).getAttribute("data-secret"))||(t=Math.random().toString(36).substring(2,12),e.src+="#?secret="+t,e.setAttribute("data-secret",t)),e.contentWindow.postMessage({message:"ready",secret:t},"*")},!1)))}(window,document);
/* ]]> */
</script>

Plasticienne et musicienne de formation, Laura Tejeda est un cas de fouine permanente dans les possibles de la voix. Une curiosité qui l’amène à s’enfoncer dans les recoins les plus profonds du corps pour glaner de sons vocaux inattendus ; des sonorités populaires éclaboussées de bruitisme qui conversent avec la résonance contemporaine dans un contexte...Continue reading
