{"version":"1.0","provider_name":"Site officiel de la f\u00e9d\u00e9ration Grands Formats","provider_url":"https:\/\/www.grandsformats.com\/en\/","author_name":"Grands Formats","author_url":"https:\/\/www.grandsformats.com\/en\/author\/margaux\/","title":"Enregistrement du second r\u00e9pertoire d'Organik Orkeztra - Site officiel de la f\u00e9d\u00e9ration Grands Formats","type":"rich","width":600,"height":338,"html":"<blockquote class=\"wp-embedded-content\" data-secret=\"h9ZzD22BFl\"><a href=\"https:\/\/www.grandsformats.com\/en\/2019\/12\/enregistrement-second-repertoire-dorganik-orkeztra\/\">Enregistrement du second r\u00e9pertoire d&#8217;Organik Orkeztra<\/a><\/blockquote><iframe sandbox=\"allow-scripts\" security=\"restricted\" src=\"https:\/\/www.grandsformats.com\/en\/2019\/12\/enregistrement-second-repertoire-dorganik-orkeztra\/embed\/#?secret=h9ZzD22BFl\" width=\"600\" height=\"338\" title=\"&#8220;Enregistrement du second r\u00e9pertoire d&#8217;Organik Orkeztra&#8221; &#8212; Site officiel de la f\u00e9d\u00e9ration Grands Formats\" data-secret=\"h9ZzD22BFl\" frameborder=\"0\" marginwidth=\"0\" marginheight=\"0\" scrolling=\"no\" class=\"wp-embedded-content\"><\/iframe><script type=\"text\/javascript\">\n\/* <![CDATA[ *\/\n\/*! This file is auto-generated *\/\n!function(d,l){\"use strict\";l.querySelector&&d.addEventListener&&\"undefined\"!=typeof URL&&(d.wp=d.wp||{},d.wp.receiveEmbedMessage||(d.wp.receiveEmbedMessage=function(e){var t=e.data;if((t||t.secret||t.message||t.value)&&!\/[^a-zA-Z0-9]\/.test(t.secret)){for(var s,r,n,a=l.querySelectorAll('iframe[data-secret=\"'+t.secret+'\"]'),o=l.querySelectorAll('blockquote[data-secret=\"'+t.secret+'\"]'),c=new RegExp(\"^https?:$\",\"i\"),i=0;i<o.length;i++)o[i].style.display=\"none\";for(i=0;i<a.length;i++)s=a[i],e.source===s.contentWindow&&(s.removeAttribute(\"style\"),\"height\"===t.message?(1e3<(r=parseInt(t.value,10))?r=1e3:~~r<200&&(r=200),s.height=r):\"link\"===t.message&&(r=new URL(s.getAttribute(\"src\")),n=new URL(t.value),c.test(n.protocol))&&n.host===r.host&&l.activeElement===s&&(d.top.location.href=t.value))}},d.addEventListener(\"message\",d.wp.receiveEmbedMessage,!1),l.addEventListener(\"DOMContentLoaded\",function(){for(var e,t,s=l.querySelectorAll(\"iframe.wp-embedded-content\"),r=0;r<s.length;r++)(t=(e=s[r]).getAttribute(\"data-secret\"))||(t=Math.random().toString(36).substring(2,12),e.src+=\"#?secret=\"+t,e.setAttribute(\"data-secret\",t)),e.contentWindow.postMessage({message:\"ready\",secret:t},\"*\")},!1)))}(window,document);\n\/* ]]> *\/\n<\/script>\n","description":"Du 6 au 11 janvier prochain, Organik Orkeztra enregistrera Ritual, \u00e0 l&#8217;abbaye de Noirlac. Le grand ensemble veut ici cre\u0301er une trace me\u0301lodique, une empreinte rythmique, un univers timbral, a\u0300 travers lesquels il vivra des contrastes vertigineux dans l\u2019utilisation de\u0301termine\u0301e de la force instrumentale de cet orchestre, et toucher les corps par l\u2019appel a\u0300 la...Continue reading"}

Site officiel de la fédération Grands Formats

Enregistrement du second répertoire d'Organik Orkeztra - Site officiel de la fédération Grands Formats

<blockquote class="wp-embedded-content" data-secret="h9ZzD22BFl"><a href="https://www.grandsformats.com/en/2019/12/enregistrement-second-repertoire-dorganik-orkeztra/">Enregistrement du second répertoire d&#8217;Organik Orkeztra</a></blockquote><iframe sandbox="allow-scripts" security="restricted" src="https://www.grandsformats.com/en/2019/12/enregistrement-second-repertoire-dorganik-orkeztra/embed/#?secret=h9ZzD22BFl" width="600" height="338" title="&#8220;Enregistrement du second répertoire d&#8217;Organik Orkeztra&#8221; &#8212; Site officiel de la fédération Grands Formats" data-secret="h9ZzD22BFl" frameborder="0" marginwidth="0" marginheight="0" scrolling="no" class="wp-embedded-content"></iframe><script type="text/javascript">
/* <![CDATA[ */
/*! This file is auto-generated */
!function(d,l){"use strict";l.querySelector&&d.addEventListener&&"undefined"!=typeof URL&&(d.wp=d.wp||{},d.wp.receiveEmbedMessage||(d.wp.receiveEmbedMessage=function(e){var t=e.data;if((t||t.secret||t.message||t.value)&&!/[^a-zA-Z0-9]/.test(t.secret)){for(var s,r,n,a=l.querySelectorAll('iframe[data-secret="'+t.secret+'"]'),o=l.querySelectorAll('blockquote[data-secret="'+t.secret+'"]'),c=new RegExp("^https?:$","i"),i=0;i<o.length;i++)o[i].style.display="none";for(i=0;i<a.length;i++)s=a[i],e.source===s.contentWindow&&(s.removeAttribute("style"),"height"===t.message?(1e3<(r=parseInt(t.value,10))?r=1e3:~~r<200&&(r=200),s.height=r):"link"===t.message&&(r=new URL(s.getAttribute("src")),n=new URL(t.value),c.test(n.protocol))&&n.host===r.host&&l.activeElement===s&&(d.top.location.href=t.value))}},d.addEventListener("message",d.wp.receiveEmbedMessage,!1),l.addEventListener("DOMContentLoaded",function(){for(var e,t,s=l.querySelectorAll("iframe.wp-embedded-content"),r=0;r<s.length;r++)(t=(e=s[r]).getAttribute("data-secret"))||(t=Math.random().toString(36).substring(2,12),e.src+="#?secret="+t,e.setAttribute("data-secret",t)),e.contentWindow.postMessage({message:"ready",secret:t},"*")},!1)))}(window,document);
/* ]]> */
</script>

Du 6 au 11 janvier prochain, Organik Orkeztra enregistrera Ritual, à l&#8217;abbaye de Noirlac. Le grand ensemble veut ici créer une trace mélodique, une empreinte rythmique, un univers timbral, à travers lesquels il vivra des contrastes vertigineux dans l’utilisation déterminée de la force instrumentale de cet orchestre, et toucher les corps par l’appel à la...Continue reading
